{"id":27789,"date":"2023-09-25T20:07:42","date_gmt":"2023-09-25T23:07:42","guid":{"rendered":"https:\/\/www.topinvest.com.br\/?page_id=27789"},"modified":"2023-12-13T16:48:29","modified_gmt":"2023-12-13T19:48:29","slug":"login","status":"publish","type":"page","link":"https:\/\/www.topinvest.com.br\/blog\/login\/","title":{"rendered":"Fa\u00e7a login em nossas plataformas"},"content":{"rendered":"\n<p>Tenha acesso a diversos cursos e simulados com mais de 20.000 quest\u00f5es das certifica\u00e7\u00f5es Anbima, Ancord e Abecip, Planejar e Apimec!<\/p>\n","protected":false},"excerpt":{"rendered":"<p>Tenha acesso a diversos cursos e simulados com mais de 20.000 quest\u00f5es das certifica\u00e7\u00f5es Anbima, Ancord e Abecip, Planejar e Apimec!<\/p>\n","protected":false},"author":770,"featured_media":0,"parent":0,"menu_order":0,"comment_status":"closed","ping_status":"closed","template":"pages\/login.php","meta":{"_acf_changed":false,"_editorskit_title_hidden":false,"_editorskit_reading_time":0,"_editorskit_is_block_options_detached":false,"_editorskit_block_options_position":"{}","advgb_blocks_editor_width":"","advgb_blocks_columns_visual_guide":"","footnotes":""},"class_list":["post-27789","page","type-page","status-publish","hentry"],"acf":[],"coauthors":[],"author_meta":{"author_link":"https:\/\/www.topinvest.com.br\/blog\/author\/fgubert\/","display_name":"Felipe Gubert"},"relative_dates":{"created":"Publicado 3 anos atr\u00e1s","modified":"Atualizado 2 anos atr\u00e1s"},"absolute_dates":{"created":"Publicado em 25 de setembro de 2023","modified":"Atualizado em 13 de dezembro de 2023"},"absolute_dates_time":{"created":"Publicado em 25 de setembro de 2023 20:07","modified":"Atualizado em 13 de dezembro de 2023 16:48"},"featured_img_caption":"","featured_img":false,"series_order":"","_links":{"self":[{"href":"https:\/\/www.topinvest.com.br\/blog\/wp-json\/wp\/v2\/pages\/27789","targetHints":{"allow":["GET"]}}],"collection":[{"href":"https:\/\/www.topinvest.com.br\/blog\/wp-json\/wp\/v2\/pages"}],"about":[{"href":"https:\/\/www.topinvest.com.br\/blog\/wp-json\/wp\/v2\/types\/page"}],"author":[{"embeddable":true,"href":"https:\/\/www.topinvest.com.br\/blog\/wp-json\/wp\/v2\/users\/770"}],"replies":[{"embeddable":true,"href":"https:\/\/www.topinvest.com.br\/blog\/wp-json\/wp\/v2\/comments?post=27789"}],"version-history":[{"count":5,"href":"https:\/\/www.topinvest.com.br\/blog\/wp-json\/wp\/v2\/pages\/27789\/revisions"}],"predecessor-version":[{"id":27977,"href":"https:\/\/www.topinvest.com.br\/blog\/wp-json\/wp\/v2\/pages\/27789\/revisions\/27977"}],"wp:attachment":[{"href":"https:\/\/www.topinvest.com.br\/blog\/wp-json\/wp\/v2\/media?parent=27789"}],"curies":[{"name":"wp","href":"https:\/\/api.w.org\/{rel}","templated":true}]}}