{"id":25085,"date":"2022-12-16T17:44:35","date_gmt":"2022-12-16T20:44:35","guid":{"rendered":"https:\/\/www.topinvest.com.br\/?page_id=25085"},"modified":"2023-05-03T16:30:29","modified_gmt":"2023-05-03T19:30:29","slug":"glossario","status":"publish","type":"page","link":"https:\/\/www.topinvest.com.br\/blog\/glossario\/","title":{"rendered":"Gloss\u00e1rio"},"content":{"rendered":"\n<p>T\u00e3o complexo quanto o <strong>mercado financeiro <\/strong>\u00e9 o seu <strong>vocabul\u00e1rio<\/strong>: siglas, termos em ingl\u00eas e palavras extremamente espec\u00edficas podem parecer complicadas demais \u00e0 primeira vista, mas nada que uma ajuda TopInvest n\u00e3o resolva. <\/p>\n\n\n\n<p>Se familiarizar com essa sua linguagem \u00e9 fundamental para a sua carreira e seus estudos. Por isso, criamos esse <strong>compilado completo<\/strong> para que n\u00e3o sobre nenhuma d\u00favida sobre as terminologias do setor &#8211; um verdadeiro <strong>guia<\/strong>, seja voc\u00ea aspirante ou profissional.<\/p>\n","protected":false},"excerpt":{"rendered":"<p>T\u00e3o complexo quanto o mercado financeiro \u00e9 o seu vocabul\u00e1rio: siglas, termos em ingl\u00eas e palavras extremamente espec\u00edficas podem parecer complicadas demais \u00e0 primeira vista, mas nada que uma ajuda TopInvest n\u00e3o resolva. Se familiarizar com essa sua linguagem \u00e9 fundamental para a sua carreira e seus estudos. Por isso, criamos esse compilado completo para [&hellip;]<\/p>\n","protected":false},"author":1,"featured_media":0,"parent":0,"menu_order":0,"comment_status":"closed","ping_status":"closed","template":"pages\/glossary.php","meta":{"_acf_changed":false,"_editorskit_title_hidden":false,"_editorskit_reading_time":1,"_editorskit_is_block_options_detached":false,"_editorskit_block_options_position":"{}","advgb_blocks_editor_width":"","advgb_blocks_columns_visual_guide":"","footnotes":""},"class_list":["post-25085","page","type-page","status-publish","hentry"],"acf":[],"coauthors":[],"author_meta":{"author_link":"https:\/\/www.topinvest.com.br\/blog\/author\/kleber\/","display_name":"Kleber Stumpf"},"relative_dates":{"created":"Publicado 3 anos atr\u00e1s","modified":"Atualizado 3 anos atr\u00e1s"},"absolute_dates":{"created":"Publicado em 16 de dezembro de 2022","modified":"Atualizado em 3 de maio de 2023"},"absolute_dates_time":{"created":"Publicado em 16 de dezembro de 2022 17:44","modified":"Atualizado em 3 de maio de 2023 16:30"},"featured_img_caption":"","featured_img":false,"series_order":"","_links":{"self":[{"href":"https:\/\/www.topinvest.com.br\/blog\/wp-json\/wp\/v2\/pages\/25085","targetHints":{"allow":["GET"]}}],"collection":[{"href":"https:\/\/www.topinvest.com.br\/blog\/wp-json\/wp\/v2\/pages"}],"about":[{"href":"https:\/\/www.topinvest.com.br\/blog\/wp-json\/wp\/v2\/types\/page"}],"author":[{"embeddable":true,"href":"https:\/\/www.topinvest.com.br\/blog\/wp-json\/wp\/v2\/users\/1"}],"replies":[{"embeddable":true,"href":"https:\/\/www.topinvest.com.br\/blog\/wp-json\/wp\/v2\/comments?post=25085"}],"version-history":[{"count":4,"href":"https:\/\/www.topinvest.com.br\/blog\/wp-json\/wp\/v2\/pages\/25085\/revisions"}],"predecessor-version":[{"id":26481,"href":"https:\/\/www.topinvest.com.br\/blog\/wp-json\/wp\/v2\/pages\/25085\/revisions\/26481"}],"wp:attachment":[{"href":"https:\/\/www.topinvest.com.br\/blog\/wp-json\/wp\/v2\/media?parent=25085"}],"curies":[{"name":"wp","href":"https:\/\/api.w.org\/{rel}","templated":true}]}}